lse
Is 344021135 a composite number?
True
Is 193457269 prime?
True
Is 5972443 a composite number?
False
Is 32721307 a prime number?
True
Is 4331186 a prime number?
False
Is 10876802 a prime number?
False
Is 79348613 prime?
True
Is 2670134 composite?
True
Is 56875073 a composite number?
False
Is 568859 composite?
True
Is 1276103 a prime number?
True
Is 122369551 a prime number?
False
Is 1649719 prime?
False
Is 12909521 prime?
True
Is 92409 prime?
False
Is 1130081 composite?
False
Is 887846798 a prime number?
False
Is 188060261 a composite number?
False
Is 1121410499 prime?
False
Is 16133743 prime?
True
Is 25143047 prime?
True
Is 850807 prime?
True
Is 6416887 composite?
False
Is 65934461 a prime number?
True
Is 9740063 a prime number?
False
Is 643444143 a prime number?
False
Is 22615135 a prime number?
False
Is 65925169 composite?
True
Is 601187 a composite number?
False
Is 785171359 a composite number?
True
Is 3513787 a composite number?
False
Is 6716509 prime?
False
Is 275190431 composite?
False
Is 14743459 a composite number?
True
Is 38985127 prime?
True
Is 176299 prime?
True
Is 88771 a composite number?
False
Is 400615163 a prime number?
False
Is 632647 a prime number?
True
Is 450929 composite?
False
Is 6020611 a composite number?
True
Is 379759 prime?
False
Is 85815011 prime?
True
Is 3520369 a composite number?
True
Is 103119769 a composite number?
False
Is 4570297 prime?
False
Is 3377546 a composite number?
True
Is 912619 a composite number?
True
Is 1506943 a prime number?
True
Is 10684607 a composite number?
False
Is 22288949 composite?
False
Is 200697085 a prime number?
False
Is 40316987 composite?
True
Is 9460817 composite?
True
Is 784411657 a prime number?
True
Is 4588211 a prime number?
True
Is 13345051 a prime number?
False
Is 7515593 composite?
False
Is 88601 prime?
False
Is 38154329 a composite number?
True
Is 25560167 composite?
True
Is 103357627 prime?
False
Is 114200549 prime?
True
Is 474857 a prime number?
True
Is 336961 a prime number?
True
Is 576781 a composite number?
True
Is 99304979 a prime number?
False
Is 539354987 a composite number?
True
Is 2247037 composite?
True
Is 12524858 a composite number?
True
Is 1069363 a composite number?
False
Is 8536721 composite?
False
Is 58788361 a prime number?
False
Is 981741 composite?
True
Is 25536383 composite?
False
Is 4883831 a composite number?
True
Is 8680691 composite?
False
Is 4322323 prime?
True
Is 79714265 a composite number?
True
Is 306571 a composite number?
True
Is 25024301 a composite number?
False
Is 23425709 composite?
False
Is 1630393 composite?
False
Is 72468859 a composite number?
False
Is 20821579 composite?
True
Is 349303 composite?
False
Is 4301789 a prime number?
True
Is 26792219 a prime number?
True
Is 915241 a prime number?
False
Is 360846839 a prime number?
False
Is 1409567 composite?
True
Is 188130223 a prime number?
True
Is 15026123 a composite number?
True
Is 997307 a prime number?
True
Is 43204859 prime?
False
Is 2717434 a composite number?
True
Is 17142953 a composite number?
True
Is 25091939 composite?
False
Is 20873483 a prime number?
True
Is 917779 a composite number?
True
Is 54953 a composite number?
True
Is 174659 prime?
True
Is 452035453 a composite number?
False
Is 42812659 prime?
True
Is 35839631 prime?
True
Is 19299691 prime?
False
Is 88497499 a composite number?
False
Is 437467517 composite?
False
Is 13594741 prime?
False
Is 71531 a prime number?
False
Is 2536477 a composite number?
False
Is 3534173 a prime number?
True
Is 734467 composite?
True
Is 6836611 composite?
True
Is 6828805 composite?
True
Is 21205819 prime?
False
Is 766837 composite?
True
Is 3060749 a prime number?
True
Is 11184727 composite?
True
Is 35680639 a composite number?
False
Is 1617307 a prime number?
False
Is 149204227 a prime number?
True
Is 12942881 composite?
True
Is 229514 a composite number?
True
Is 21046283 prime?
False
Is 26559913 a prime number?
True
Is 10602509 composite?
True
Is 1911199 composite?
False
Is 11575973 a prime number?
True
Is 218483183 a composite number?
False
Is 10654591 composite?
True
Is 2028343 composite?
True
Is 106 a composite number?
True
Is 178822727 prime?
False
Is 30015131 a composite number?
True
Is 52691906 a composite number?
True
Is 53699699 a composite number?
False
Is 37524329 composite?
False
Is 248150185 a composite number?
True
Is 3817273 a prime number?
True
Is 14040947 prime?
True
Is 8440961 a prime number?
True
Is 99213 composite?
True
Is 75476033 composite?
False
Is 3089159 a prime number?
False
Is 49557439 a prime number?
False
Is 313416577 a prime number?
False
Is 778333 prime?
True
Is 204803971 prime?
False
Is 104882017 composite?
False
Is 268474733 a prime number?
False
Is 40162835 a prime number?
False
Is 16978639 prime?
True
Is 68524211 prime?
False
Is 7645927 prime?
False
Is 4019527 a composite number?
False
Is 13118563 a prime number?
True
Is 3013957 a composite number?
False
Is 1708505 a composite number?
True
Is 191491 composite?
False
Is 1904989 a prime number?
False
Is 1293553 a composite number?
False
Is 13232099 composite?
False
Is 310559 composite?
False
Is 6158843 a composite number?
False
Is 834751447 a prime number?
False
Is 2007121 a prime number?
False
Is 227992299 prime?
False
Is 23189431 prime?
True
Is 74402719 prime?
False
Is 257368769 a prime number?
False
Is 54304373 composite?
True
Is 18256787 a prime number?
False
Is 15250045 prime?
False
Is 3008261 prime?
False
Is 356314457 a composite number?
True
Is 36359471 prime?
True
Is 17443451 composite?
True
Is 12445109 composite?
False
Is 11460409 a composite number?
True
Is 18650713 composite?
False
Is 1529179 a prime number?
False
Is 10005041 composite?
False
Is 631453 prime?
True
Is 32516339 a prime number?
False
Is 1121686105 a composite number?
True
Is 2909389 prime?
False
Is 3483659 prime?
True
Is 1305727 prime?
False
Is 22227197 a prime number?
False
Is 4221051 composite?
True
Is 48399931 a prime number?
True
Is 15262411 a composite number?
False
Is 800861 composite?
False
Is 722119 prime?
True
Is 723187343 a prime number?
False
Is 77667791 a composite number?
True
Is 4559263 composite?
True
Is 5268503 a composite number?
True
Is 123372671 a composite number?
False
Is 1741945 a prime number?
False
Is 7809199 a prime number?
True
Is 3531907 a composite number?
False
Is 4254007 a prime number?
True
Is 329032577 prime?
True
Is 16833343 prime?
True
Is 10668407 a composite number?
False
Is 27004557 prime?
False
Is 8692433 a composite number?
False
Is 44792879 a prime number?
True
Is 6521963 composite?
True
Is 15625877 composite?
True
Is 9002107 a composite number?
False
Is 29143357 composite?
True
Is 2651597 prime?
False
Is 8951563 prime?
True
Is 1113701 prime?
True
Is 8258083 a prime number?
True
Is 14176549 a composite number?
False
Is 865087 prime?
True
Is 159393707 prime?
False
Is 921121 a composite number?
False
Is 63466679 a prime number?
False
Is 13752611 composite?
False
Is 12505543 a composite number?
False
Is 19027481 a composite number?
True
Is 6417917 composite?
True
Is 330950443 composite?
True
Is 13305499 composite?
False
Is 20338366 composite?
True
Is 8672009 prime?
False
Is 34427461 a prime number?
True
Is 35887297 composite?
True
Is 9016061 prime?
True
Is 7056851 prime?
True
Is 12434933 a prime number?
False
Is 85474709 a composite number?
True
Is 12944687 a prime number?
False
Is 7296521 composite?
False
Is 2668771 prime?
False
Is 38243839 prime?
False
Is 44694505 a composite number?
True
Is 17249189 composite?
False
Is 56668211 composite?
False
Is 1953761 a prime number?
True
Is 79271 prime?
False
Is 126283663 a prime number?
False
Is 29432639 a composite number?
False
Is 10790743 a composite number?
True
Is 1693553 a prime number?
True
Is 2874797 a prime number?
False
Is 1743379 a prime number?
False
Is 616709 prime?
False
Is 895189 a prime number?
True
Is 263183313 a prime number?
False
Is 993486359 a prime number?
True
Is 34216661 a composite number?
False
Is 19956637 composite?
True
Is 375845551 composite?
True
Is 15510387 composite?
True
Is 27575203 composite?
False
Is 3252397 prime?
True
Is 126246119 prime?
True
Is 453757 composite?
False
Is 276051019 a composite number?
True
Is 31360657 prime?
True
Is 70256717 a composite numbe